and 16?
2
Suppose 11*y - 16*y + 5 = 0. What is the highest common factor of 9 and y?
1
Let v = 19 + -19. Suppose -5*u - 3*c = -417, 2*c + v*c - 166 = -2*u. Calculate the greatest common factor of 12 and u.
12
Let v(i) = 1 + 6*i**2 + 4*i**2 - 11*i**2 + 6*i. Let k be v(6). Let m be 1 + k/((-1)/(-3)). Calculate the highest common factor of 1 and m.
1
Suppose -b + 1 = u, 5*b = -4*u + 4*b - 8. Let n = -1 - u. Let s be n/(-6) + 34/3. Calculate the highest common divisor of s and 99.
11
Let p be (-3)/2*(-20 + (-10)/5). Calculate the highest common factor of 99 and p.
33
Suppose 11*p = 3733 + 557. Calculate the highest common divisor of 30 and p.
30
Suppose 4*s - 5*s + 135 = 0. Suppose 6*t = 75 + 15. Calculate the greatest common factor of s and t.
15
Let v be ((-1)/1)/(1/(-7)). Let p be (3/(-2))/((-16)/32). Let o = v - p. Calculate the greatest common divisor of o and 16.
4
Let n = -15 + 39. What is the greatest common divisor of n and 8?
8
Let d(l) = -l - 9. Let f be d(-11). What is the highest common divisor of 7 and f?
1
Let c(k) = 2*k - 2 - 1 - k + 13. Let s be c(0). What is the greatest common divisor of 50 and s?
10
Suppose 2*n - 2*q = -276, -2*n = -4*q - 0*q + 286. Let m = -65 - n. Calculate the greatest common divisor of 17 and m.
17
Let g = 28 - 21. Let r = 16 - -12. What is the greatest common divisor of g and r?
7
Let s be 16 + 0 + (-5 - -2). Let x(t) = -6*t - 4. Let g be x(-5). Calculate the highest common divisor of g and s.
13
Suppose 7 + 15 = 2*q. What is the highest common divisor of q and 44?
11
Let c(t) = -t**3 + 10*t**2 + 13*t - 6. Let n be c(11). Suppose n - 1 = 5*o. What is the highest common divisor of 18 and o?
3
Let d(o) be the first derivative of o**4/4 - 2*o**3/3 - o**2/2 - o + 2. Let a be d(4). What is the greatest common divisor of 18 and a?
9
Let f = 1 + -14. Let x = f - -49. Let b(q) = 5*q - 1. Let r be b(2). Calculate the greatest common divisor of x and r.
9
Let p(v) = -v**3 + 16*v**2 + 17*v + 17. Let s be p(17). Suppose 185 = 2*d - 121. What is the highest common divisor of s and d?
17
Suppose 0 = -9*o + 4*o. Suppose o = 4*h - 4*u - 28, -4*u - 3 = 9. What is the highest common divisor of h and 20?
4
Suppose -4*g - 4*h + 291 = -385, g - 161 = -5*h. What is the greatest common factor of g and 19?
19
Let r(a) = -2*a - 7. Let p be r(-5). Suppose -3*y = -y + 4*s + 20, -5*s + p = -y. Let x = 15 + y. Calculate the greatest common factor of 7 and x.
7
Let r(w) = 2*w**3 + w**2 - 11. Let q be r(4). What is the greatest common divisor of q and 19?
19
Let c = -43 - -79. What is the highest common factor of 396 and c?
36
Suppose 1 = -p + 4. Suppose -6 = -p*a + 12. Suppose 3*j = 3*b - a - 0, 5*b - 12 = 4*j. Calculate the highest common factor of 1 and b.
1
Let w(s) = -s**3 - 3*s**2 - 2*s + 4. Let u be w(-3). Suppose -4*c + 15 = -5*c. Let o be c/(4/2 - 3). Calculate the highest common divisor of u and o.
5
Let g = -130 - -142. Let z(b) = b**2 - b + 2. Let x be z(2). Suppose -4*y + r - 5*r = -540, 3*y + x*r = 408. Calculate the greatest common divisor of g and y.
12
Let q = 34 + 74. Calculate the highest common divisor of q and 24.
12
Let h be (3/2 + -1)*12. Suppose 13*x - 148 = 8. Calculate the highest common factor of h and x.
6
Suppose 2*z - 2*k - 72 = 2*k, 3*k + 70 = 2*z. Let a(p) = -p**3 - 32*p**2 + 33*p + 4. Let o be a(-33). Calculate the greatest common factor of z and o.
4
Let i be (-232)/(-16) - 1/(-2). What is the highest common divisor of i and 25?
5
Let m be (-4)/5*10/(-4). Suppose -3*h = -12, -f - 5*h + 24 = m. Suppose f*u = -5*g + 1, -3*g - 20 = g. What is the highest common divisor of 91 and u?
13
Let w(i) = -i**2 + 22*i + 34. Let y be w(23). Calculate the highest common factor of y and 33.
11
Let d be (-4)/(-18) - 1078/(-9). What is the highest common factor of 15 and d?
15
Let u = 40 + -37. What is the highest common divisor of 27 and u?
3
Let b = -3 - -3. Suppose b = 2*q - 2*i - 46, -9 = 2*i + 1. Calculate the greatest common factor of 6 and q.
6
Suppose 4 = -a + 7. Suppose 135 = a*v + 5*n + 24, -169 = -5*v - 3*n. What is the greatest common factor of v and 8?
8
Let z(q) = q + 16. Let g be z(-7). Suppose -3*m = m - 5*h - 11, 4*m - 56 = -4*h. Calculate the highest common divisor of m and g.
9
Let j(u) = u**2 + 37*u + 108. Let n be j(-37). Suppose 0 = 2*c + 3*c - 60. Calculate the highest common divisor of n and c.
12
Let q(t) = 12*t**2 + t + 5. Let v be q(-5). Let n be (v - 0)*(-6)/(-15). Let x = -30 + 45. What is the highest common factor of n and x?
15
Suppose 2*z = -3*z. Suppose z*h = 4*h - 8. Suppose 4*r = 2*a + 6, 7*r - 21 = 2*r - 2*a. What is the highest common divisor of r and h?
1
Suppose -4*a - 16 + 220 = 0. Suppose -i - a = -4*i. Suppose -3*l = -4*f + 5*f - 97, 0 = -3*f + 4*l + 239. What is the greatest common factor of i and f?
17
Let u = 2 + -4. Let j(c) = -5*c - 3. Let b be j(u). Let m be -1 + 77 - (-4 + 3). What is the greatest common factor of m and b?
7
Suppose -141 + 9 = -2*z. What is the greatest common divisor of z and 99?
33
Let f be (-2)/4 - ((-8337)/6)/7. What is the greatest common divisor of 22 and f?
22
Let r = -1 + 3. Let p = -1 - -3. What is the highest common divisor of p and r?
2
Suppose 5*x = 2*y + 381, 2*y = -5*x + 428 - 59. What is the greatest common divisor of 30 and x?
15
Let w be -12*((-38)/8 + 3). Calculate the greatest common divisor of 7 and w.
7
Let o(f) = 2*f**2 + 4*f - 8. Let c be o(-9). Suppose -4*k - c = -502. Let x = 11 - -1. What is the highest common factor of k and x?
12
Let n = -6 - -11. Let f(d) = 2*d**2 - 6*d - 7. Let w be f(n). What is the highest common factor of w and 39?
13
Suppose 5*h = -3*x + 43, 3*h - 2*h - 31 = -2*x. What is the highest common divisor of x and 4?
4
Let g(h) = -5*h. Suppose -5*c - 6 = 4. Let m be g(c). What is the greatest common divisor of m and 10?
10
Suppose -2*a = -q + 44, -5*q + 2*q - 2*a + 116 = 0. Let y = -21 + q. Let n = y + -11. What is the greatest common factor of 40 and n?
8
Suppose 2*b + 14 = 5*w, -4*w = -4*b - 6 - 10. Suppose -w*l = -u + 2*l + 19, -5*l = -3*u + 71. Calculate the greatest common divisor of u and 3.
3
Let g(x) = 5*x + 4. Let l be g(4). Let q = -4 + l. Let w = 17 - 12. Calculate the highest common divisor of w and q.
5
Let x(m) = -2*m - 2. Let u be x(-9). Suppose g + u = 2*g. Calculate the greatest common divisor of 64 and g.
16
Let k = -16 - -24. Let g = -17 + 19. Suppose -3*s + g = -h, -4 + 0 = -5*h + s. What is the highest common divisor of h and k?
1
Let c(b) = -b**2 + 14*b - 1. Let x be (-3 - (-3 - 10))*1. Let l be c(x). Let i = -17 + 43. Calculate the greatest common divisor of i and l.
13
Suppose 3*z - 5*x = 5*z + 5, 0 = 2*z + 2*x - 10. Calculate the greatest common factor of 40 and z.
10
Let b be 27 - (5/(-15))/(2/6). Calculate the greatest common divisor of b and 21.
7
Let u be 2 - 39/(-5 - -2). Suppose -2*c - u + 71 = 0. Suppose -o - o = -14. Calculate the greatest common factor of o and c.
7
Suppose -5*l = 4*j + 5, 13 = -4*l - 6*j + j. Let t be (-21)/(-5)*15/l. Suppose -t = -6*h + 3*h. Calculate the highest common divisor of 77 and h.
7
Suppose 5*c + m + 6 = 26, -2*c + m = -1. Suppose 349 = c*n + 55. Let s = 42 + -28. What is the highest common divisor of s and n?
14
Suppose 10*i - 108 = 92. Calculate the greatest common factor of i and 140.
20
Suppose -2*r + 2*v = -7*r + 488, 0 = -2*r + 3*v + 180. What is the highest common divisor of r and 12?
12
Suppose 7*z - 12*z = -300. Calculate the highest common divisor of z and 15.
15
Let d(y) = -3 + 2*y**2 - 3*y**3 + 2 + y**3. Let b be d(1). Let n be 41 + 3 + b + -1. Calculate the greatest common divisor of n and 14.
14
Suppose 2*i - 4*i = -4. Suppose i*k - 7*k = -130. What is the greatest common divisor of k and 65?
13
Suppose 19 - 4 = 5*l. Suppose -3*p + 9 = l. Suppose p*z - 53 = -13. Calculate the greatest common divisor of z and 140.
20
Suppose 4*n - 622 = -5*l, -2*l - 4*n = l - 370. Calculate the highest common divisor of l and 14.
14
Suppose -4*l = 4*f - 64, 4*f - 5*l = f + 80. Let k be (-52)/10*f/(-4). Let t = k - 12. Calculate the highest common divisor of 2 and t.
2
Suppose 3*f = 5*y + 9, -4*y + 19 = 2*f - 3*y. Let x be (18/(-8))/((-2)/f). What is the highest common divisor of 63 and x?
9
Suppose -2*l = -0*l - 288. Suppose 0 = -2*q - 4*b + b + 26, 